**3 - 80*g**2 - 283*g - 4. Calculate x(-4).
-24
Let m(y) = -37*y - 2230. Calculate m(-60).
-10
Let v(o) = o**3 + 3*o**2 + 9*o - 43. Determine v(5).
202
Let y(a) = 3*a**2 - 47*a + 4. Calculate y(15).
-26
Let i(f) = -332*f - 5653. Determine i(-17).
-9
Let p(c) = -183*c + 2996. Determine p(16).
68
Let s(m) = -6*m - 169. Determine s(-33).
29
Let f(i) = -i**3 + i**2 + 109*i - 23. What is f(-10)?
-13
Let g(l) = 62*l - 1093. Calculate g(18).
23
Let u(i) = 3*i**3 + 26*i**2 - i - 23. Give u(-8).
113
Let a(f) = -3*f**2 - 270*f - 511. Calculate a(-88).
17
Let f(i) = 96*i - 1665. Calculate f(16).
-129
Let h(d) = 350*d + 1597. Determine h(-5).
-153
Let a(p) = 55*p + 232. What is a(-5)?
-43
Let r(y) = 2*y**3 + 71*y**2 - 17*y - 1818. Determine r(-35).
2
Let d(m) = -2*m**3 - 3*m**2 + 2. Calculate d(1).
-3
Let q(w) = -14*w**2 + 26*w + 869. What is q(-7)?
1
Let d(o) = -2*o**2 + 236*o - 3081. What is d(15)?
9
Let p(o) = -3*o**3 + 34*o**2 - 14*o + 18. Give p(11).
-15
Let i(r) = -4*r - 114. Determine i(-24).
-18
Let d(l) = 1866*l + 22395. Calculate d(-12).
3
Let y(g) = -g**3 + 77*g**2 + 497*g + 100. What is y(83)?
17
Let d(w) = 32*w - 182. What is d(16)?
330
Let b(p) = 27*p - 140. What is b(5)?
-5
Let m(u) = u**3 + 31*u**2 - 36*u + 53. Calculate m(-32).
181
Let n(t) = -t**3 - 15*t**2 + 35*t - 14. What is n(-17)?
-31
Let l(y) = -44*y + 560. Give l(11).
76
Let w(d) = d**2 - 18*d - 47. What is w(22)?
41
Let v(s) = s**3 + 16*s**2 - 4*s + 4. Give v(-4).
212
Let f(u) = u**3 - 10*u**2 - 95*u + 20. Determine f(16).
36
Let x(f) = -5*f**3 + 261*f**2 - 42*f - 521. Calculate x(52).
-1
Let w(a) = -15*a**3 - 13*a**2 - 25*a - 1. What is w(-2)?
117
Let n(a) = -45*a**3 - 536*a**2 + 61*a + 160. Determine n(-12).
4
Let c(m) = m + 52. Calculate c(-61).
-9
Let u(m) = -5*m**3 - 285*m**2 + 2*m + 68. Calculate u(-57).
-46
Let y(u) = 299*u - 288. Calculate y(1).
11
Let a(j) = 10*j**3 + 3*j**2 - 7*j. What is a(3)?
276
Let r(a) = -1339*a**2 + 24102*a - 7. Determine r(18).
-7
Let k(v) = 2308*v - 4623. What is k(2)?
-7
Let d(v) = -2*v**2 - 307*v + 1233. Determine d(4).
-27
Let u(n) = -3*n**2 + 196*n + 700. Calculate u(68).
156
Let d(r) = r**2 - 4*r - 2. Calculate d(4).
-2
Let a(n) = 28*n**2 + 9*n + 9. Calculate a(-1).
28
Let y(o) = -151*o - 300. Calculate y(-2).
2
Let z(n) = -14*n**2 + 7*n - 5. Determine z(2).
-47
Let r(q) = 2*q**3 - 48*q**2 + 234*q + 23. Give r(7).
-5
Let s(p) = -373*p + 11551. Determine s(31).
-12
Let b(s) = -s**2 + 70*s - 636. Determine b(10).
-36
Let o(i) = 115*i + 246. What is o(-2)?
16
Let l(p) = -5*p**2 + 5*p - 4. What is l(1)?
-4
Let j(d) = 2*d**2 + 19*d + 67. Calculate j(-7).
32
Let s(w) = 4962*w - 29767. What is s(6)?
5
Let h(p) = -18*p + 405. What is h(20)?
45
Let i(z) = 2*z**3 + 12*z**2 + 10*z + 5. Determine i(-4).
29
Let i(a) = 4*a**2 + 136*a - 3196. Calculate i(-50).
4
Let l(f) = -f**3 - 231*f**2 - 7178*f - 8. Determine l(-37).
-8
Let h(a) = -720*a - 2634. Give h(-4).
246
Let k(s) = s**3 + 37*s**2 - 85*s + 146. Determine k(-39).
419
Let t(w) = 55*w - 23. Determine t(-8).
-463
Let o(x) = x**2 - 70*x + 1008. Give o(23).
-73
Let l(s) = 2*s**2 + 33*s - 68. Give l(-12).
-176
Let i(r) = -r**3 + 16*r**2 + 105*r - 67. Calculate i(21).
-67
Let x(j) = 755*j - 3893. Give x(5).
-118
Let y(q) = -q**3 + 6*q**2 + 17*q + 33. What is y(9)?
-57
Let c(u) = -2*u**3 + 43*u**2 + 119*u + 31. Give c(24).
7
Let y(a) = 4*a**3 - 2*a**2 + 45*a + 99. Determine y(-2).
-31
Let h(p) = 48*p**2 + 490*p + 117. Determine h(-10).
17
Let n(l) = -179*l + 853. Determine n(6).
-221
Let p(t) = -2*t**3 + 76*t**2 + 82*t - 153. Give p(39).
3
Let y(h) = -2*h**2 + 168*h - 125. Determine y(84).
-125
Let s(d) = -33*d - 92. Give s(10).
-422
Let h(j) = -37*j + 1616. What is h(43)?
25
Let y(k) = 7*k**2 - 60*k + 129. What is y(6)?
21
Let g(w) = -3896*w - 27271. Calculate g(-7).
1
Let d(r) = 6*r**2 - 118*r - 454. Calculate d(23).
6
Let t(a) = 133*a + 702. Determine t(-8).
-362
Let i(d) = -d**3 + 2*d**2 + 8*d - 7. What is i(6)?
-103
Let b(s) = s + 90. Determine b(22).
112
Let k(g) = 16*g - 45. Give k(9).
99
Let s(y) = y**3 - 98*y**2 + 4*y - 302. Determine s(98).
90
Let j(t) = 2*t**3 - 9*t**2 + 2*t - 62. Determine j(7).
197
Let y(w) = w**3 - 7*w**2 - 13*w + 10. Give y(8).
-30
Let a(f) = 36*f**2 + 462*f + 4. What is a(-13)?
82
Let t(r) = -23*r + 33. Calculate t(16).
-335
Let c(h) = 113*h + 655. Give c(-5).
90
Let i(o) = 4*o**2 + 122*o + 909. Calculate i(-14).
-15
Let c(t) = -9*t - 141. What is c(-5)?
-96
Let m(p) = -3*p**2 + 191*p - 19. Determine m(66).
-481
Let t(j) = 35*j**3 - j**2 + j - 2. What is t(2)?
276
Let o(r) = -2*r**2 - 472*r - 19939. Calculate o(-181).
-29
Let s(g) = -g**3 - 33*g**2 - 18*g - 640. What is s(-33)?
-46
Let r(f) = 2*f**2 + 219*f + 5963. What is r(-51)?
-4
Let a(n) = n**3 + 57*n**2 + 305*n - 101. Determine a(-51).
-50
Let r(q) = -12*q**2 + q + 67. Determine r(-7).
-528
Let a(o) = -o - 294. Determine a(27).
-321
Let a(u) = 176*u + 176. Give a(-1).
0
Let v(b) = -31*b**2 - 76*b - 14. Calculate v(-2).
14
Let u(g) = 111*g + 781. Calculate u(-7).
4
Let y(z) = -5*z**2 + 19*z + 5410. Calculate y(-31).
16
Let a(j) = -j**3 - 3*j**2 + 3*j + 8. What is a(-6)?
98
Let g(r) = -36*r**2 - 474*r - 70. Calculate g(-13).
8
Let i(o) = -99*o + 3790. Give i(39).
-71
Let g(u) = -2*u**2 - 15*u - 78. What is g(-6)?
-60
Let d(p) = 2*p**2 + 9*p + 102. Determine d(-9).
183
Let z(j) = 2*j**3 - 31*j**2 + 84*j + 37. Give z(10).
-223
Let u(t) = 205*t + 22918. Calculate u(-112).
-42
Let l(p) = -3*p**2 - 18*p + 734. What is l(14)?
-106
Let o(s) = -16133*s - 129067. Calculate o(-8).
-3
Let g(n) = n**2 + 13*n + 7. What is g(-21)?
175
Let v(d) = 12776*d - 51098. What is v(4)?
6
Let g(p) = 2*p**2 - 160*p - 318. Determine g(-2).
10
Let u(i) = -i + 43. What is u(8)?
35
Let v(c) = c**3 + 19*c**2 + 74*c + 73. What is v(-14)?
17
Let f(b) = -11*b - 510. Give f(-27).
-213
Let l(x) = x**3 - 20*x**2 + 32*x - 311. Give l(19).
-64
Let x(z) = 54*z - 166. Give x(5).
104
Let j(x) = 3*x**2 - 41. Give j(0).
-41
Let r(a) = -2*a - 159. Calculate r(-68).
-23
Let z(l) = 96*l + 2367. Calculate z(-26).
-129
Let v(i) = -4*i**2 - 66*i - 90. Determine v(-8).
182
Let w(l) = 541*l - 569. Calculate w(1).
-28
Let u(d) = -59*d + 471. Determine u(8).
-1
Let k(z) = 12*z**2 - 55*z + 52. Give k(3).
-5
Let p(g) = -22*g - 147. What is p(-7)?
7
Let y(m) = 2*m**3 - 3324*m**2 + 6641*m + 2. Determine y(2).
4
Let r(u) = -816*u + 1650. Determine r(2).
18
Let c(a) = 314*a - 9155. What is c(29)?
-49
Let t(g) = -g**2 + 186*g - 2530. Calculate t(15).
35
Let l(s) = 120*s + 1521. What is l(-12)?
81
Let a(g) = -2*g**2 - 76*g + 23. Calculate a(-34).
295
Let w(k) = k**2 - 167*k - 7062. Give w(-35).
8
Let d(a) = -1978*a - 13873. Determine d(-7).
-27
Let o(a) = 5*a**2 + 248*a - 104. What is o(-50)?
-4
Let g(j) = -j**2 + 1194*j + 8446. What is g(-7)?
39
Let a(h) = h**2 - 109*h + 770. What is a(11)?
-308
Let s(g) = 22*g + 115. What is s(-10)?
-105
Let x(f) = f**2 - 46*f + 88. What is x(2)?
0
Let p(z) = -z**3 - 14*z**2 + 22*z + 91. Determine p(-15).
-14
Let x(z) = 27*z**3 - 3*z**2 - 8*z - 5. Give x(-1).
-27
Let d(a) = a**3 + 6*a**2 - 3*a - 20. Determine d(-6).
-2
Let x(l) = -6*l + 925. Give x(-5).
955
Let j(x) = -x**2 - 31*x - 153. Give j(-17).
85
Let k(j) = -j**3 - 123*j**2 + 774*j - 5. Calculate k(-129).
-5
Let h(q) = -73*q + 1019. Give h(14).
-3
Let o(c) = 25*c - 194. What is o(10)?
56
Let t(u) = -u**3 + 18*u**2 - 36*u + 316. Calculate t(17).
-7
Let v(j) = -20*j + 140. Determine v(5).
40
Let x(d) = 27*d**2 - 1616*d - 235. Give x(60).
5
Let x(v) = v**3 + 202*v**2 + 392*v - 1583. Calculate x(-200).
17
Let o(u) = 3*u**2 + 9*u - 627. Calculate o(13).
-3
Let b(z) = 12*z + 335. What is b(-27)?
11
Let z(m) = -m**3 - 35*m**2 + 43*m + 196. Determine z(-36).
-56
Let a(l) = -2*l**3 - 17*l**2 - 33*l + 3. What is a(-5)?
-7
Let o(g) = -34*g + 13. Give o(-6).
217
Let q(x) = 26*x**2 + 283*x + 4. Calculate q(-11).
37
Let n(k) = 1354*k + 29800. Give n(-22).
12
Let q(w) = w**3 + 7*w**2 - 20*w - 64. Calculate q(-8).
32
Let k(w) = -2*w**2 + 52*w + 47. What is k(27)?
-7
Let s(p) = 40*p**2 + 278*p - 20. Determine s(-7).
-6
Let f(t) = -3*t**3 + 73*t**2 - 23*t + 30. What is f(24)?
54
Let v(k) = 469*k - 2424. What is v(5)?
-79
Let z(y) = -2*y**3 - 22*y**2 + 21*y - 22. Determine z(-12).
14
Let p(h) = -25*h